.
0
Evaluate 0 - -3 - (-2 + 5 + 0).
0
Evaluate -1 - (-9 + 2 + 9).
-3
-3 + (2 - 6) + 8
1
What is 1 + 1 - (7 + -1 + -9)?
5
14 + (-6 - 2 - -1)
7
Calculate -5 - (-7 - (-9 + 5)).
-2
2 + -9 - (7 + -7 - 0)
-7
-1 + (-6 - -15) + (0 - 3)
5
Evaluate (-2 - (-4 - -1)) + -4.
-3
(-1 - 0) + (24 - 31 - -14)
6
What is the value of -3 + 3 + 0 + 1 - 1?
0
Calculate 3 + (2 - (6 - 3)).
2
Calculate -5 + (9 - (4 - 4)).
4
Evaluate (-8 - -1 - -2) + 3.
-2
(-2 - 0) + 8 - (10 - 8)
4
(-6 - -6) + -2 + 6
4
0 - (3 + -6 - 5 - -5)
3
Evaluate -5 + (3 - -9) + -5.
2
What is the value of -2 + -6 - (-11 + (1 - -6))?
-4
-1 - 0 - (5 + 9 + -18)
3
-6 - (4 + (-5 - 2 - 1))
-2
What is the value of 0 + 0 + -7 - -3?
-4
What is 3 - (10 - (8 + -9 + 3))?
-5
Calculate (2 + -3 - -7) + -3.
3
What is the value of 1 - (-3 + (4 - 2))?
2
(2 - 5) + (3 - 1 - -2)
1
(2 - (-5 + 2 + 6)) + 2
1
What is (2 + 1 - 5) + 4 - -1?
3
(-23 - -26) + 0 + -6
-3
Evaluate (0 - (3 - 7)) + (10 - 6).
8
Calculate (2 - 5 - -9) + (-2 - -1).
5
Calculate -3 + 2 - (1 - (0 + 1)).
-1
What is the value of -13 - (-6 - 15) - 0?
8
What is (-8 - 0) + 2 - (6 + -1)?
-11
What is 0 + 0 - (39 + -35)?
-4
Evaluate -10 - (11 + -19 + 3).
-5
10 + (5 - 19) + -3
-7
What is -3 + 1 - ((-1 - -5) + -6)?
0
Calculate 0 - (-2 - 0) - -2.
4
What is (1 + 5 - 3) + 1 + -5?
-1
What is 13 + -29 + 9 + 18?
11
-2 - -4 - 1 - 1
0
Calculate -3 - (-7 - (-7 + 2)).
-1
4 + (-10 + 0 - 0) - 0
-6
Evaluate (-4 - (2 - 4)) + 0 - -1.
-1
Calculate (-1 - (2 + -6)) + -4.
-1
Calculate -3 + (14 - 10 - (6 + -1)).
-4
Calculate 2 + (-21 + 7 - -9).
-3
What is (4 - 6) + -4 + 2?
-4
-2 + 3 - (0 - -2)
-1
Evaluate -605 + 615 + (1 + 0 - 1).
10
-3 + (13 - 6) + 0 + -1
3
Calculate (-4 + 3 - 6) + 9.
2
1 - 5 - -3 - -2
1
Calculate -8 + 2 - (-31 - -26).
-1
2 - (-1 + (3 - 0) + 1)
-1
Calculate -5 + 2 - (6 - 2 - 2).
-5
Calculate 2 - 12 - -6 - -4 - -7.
7
Calculate (-3 - -1) + (-2 - (-3 - 0)).
-1
3 + 0 + 11 + -15
-1
What is 5 - -4 - 4 - 1?
4
What is the value of -1 + (-3 - (0 - 1))?
-3
What is the value of -42 + 44 - (-3 + 1 + -1)?
5
What is -1 - -1 - -3 - 7?
-4
What is the value of -7 + 10 + -1 + 0 + 1?
3
What is the value of -7 - 1 - (-14 + (2 - -5))?
-1
What is 5 + (7 - 8) + -7?
-3
Evaluate -6 - (-4 + -4 + 6).
-4
What is the value of -7 + 14 + -8 + 1?
0
Calculate -1 + 3 - 2 - (-11 + 8).
3
What is -2 + -9 + (-56 - -58)?
-9
What is -4 - (-1 + (1 - 3))?
-1
-30 + 29 + (-2 - -6)
3
-9 + 6 - (-1 + (-8 - -1))
5
Calculate (-17 + 33 - 27) + (4 - 0).
-7
Calculate -2 - 4 - (-12 + 6).
0
What is the value of (4 - 1 - 5) + 7 - 0?
5
Calculate -1 + 1 + (0 + 10 - 3).
7
2 + -8 - (8 + -10)
-4
Evaluate 51 - 57 - (-1 + -4).
-1
What is 11 + 2 - (-52 + 60)?
5
What is the value of -2 - (-1 + 1) - (-31 + 24)?
5
Evaluate 2 + -9 - (-3 + 2).
-6
Calculate -15 + (15 - (3 + 0)).
-3
What is -3 + 6 - (5 + -4)?
2
What is 1 + (-3 - -1) + 5 + -3?
1
Calculate -3 - (19 + -37) - (8 + -2).
9
What is 10 - (10 - (-2 - -7))?
5
What is 0 - (-6 + 0 + 2) - 7?
-3
What is -6 + 4 + 7 + 1?
6
Evaluate -36 + 37 + (1 - 3) + -1.
-2
Evaluate (-1 - -3) + 11 - 8.
5
What is the value of -17 + 1 + 11 + -15 + 11?
-9
What is the value of 1 + 2 + (-1 - -2)?
4
Evaluate (4 - 4) + 1 + 0.
1
What is the value of (19 - 17) + 4 + -3?
3
What is (2 - (9 - 9)) + -1 + 2?
3
Evaluate (2 - 10) + (31 - 24).
-1
What is the value of (5 - 10) + (-1 - 1) + 8?
1
What is the value of 2 + 4 + (12 - 3) + -12?
3
What is the value of -9 - (3 + 2 + -17)?
3
What is the value of -19 + (-5 - -7) - (-8 + 1)?
-10
What is 1 - (-1 - -4) - (-21 + 13)?
6
Evaluate -9 + -1 + (7 - 3).
-6
Evaluate (9 - (4 - -1)) + 3.
7
What is (-2 - -2) + (-3 - 0)?
-3
Calculate -8 - ((-17 - -5) + -4).
8
What is the value of 27 + 26 + -45 + 0 + -11?
-3
What is the value of 4 - (-2 + 6 - (9 - 5))?
4
Evaluate 0 + 4 - (6 + -1).
-1
Calculate 3 - -9 - (22 - 15).
5
Calculate (0 + 0 - 3) + (-62 - -58).
-7
Evaluate -17 + 2 - -5 - -11.
1
Calculate -8 - (-14 - (-6 + -4)).
-4
What is -3 + (3 + (-1 - -1) - 5)?
-5
What is the value of 6 + -6 + 5 - 0 - -4?
9
What is the value of 0 - 0 - (-40 - -40)?
0
What is the value of -2 - (-1 - (-2 + 4 + -3))?
-2
Evaluate (0 - -4) + (2 - (6 - 0)).
0
What is (-2 - 1) + -5 + (-7 - -23)?
8
Calculate (-3 - (1 + 0)) + 41 + -38.
-1
Evaluate -3 + 1 + -1 + 6.
3
Evaluate -3 + 0 + (3 + -5 - -10).
5
Evaluate 7 + (-23 - -27 - (0 - -6)).
5
Calculate -13 + (9 - 8) + 7.
-5
-4 - (0 + -6 - 0)
2
What is 11 - 13 - (-2 - 0)?
0
What is -1 + 1 + (-5 - (3 + -5))?
-3
Calculate 7 + -6 + -2 - (-7 + 4).
2
Calculate -8 - -9 - ((2 - 3) + 0).
2
3 + -6 + 2 + (0 - 0)
-1
Calculate -4 + 2 + (5 - 1 - -1).
3
What is the value of -4 + 1 + 18 + -11?
4
What is the value of -3 + -1 + (-6 - (5 - 14))?
-1
Evaluate -4 + -1 + (8 - (-23 - -19)).
7
What is the value of -6 + 12 + -5 + -3?
-2
What is -10 + 3 + (4 - (-3 + 5))?
-5
Calculate 8 + 0 + -6 - -2.
4
2 - (-1 + 8 + 1)
-6
What is 39 - 35 - (0 + -2 + 1)?
5
Calculate 12 - (7 + (4 - 6)).
7
What is -4 + -5 - 1 - (1 - 9)?
-2
Calculate (1 + 3 - 2) + (22 - 18).
6
What is 8 - ((2 - 1) + 5 + -1)?
3
3 - (-6 + 20 + -6)
-5
Evaluate (-3 - -2) + (-2 - -1) + 0.
-2
0 - (-7 - (-6 + 4))
5
2 - (3 + 7 + -5)
-3
0 - (-1 - (-15 + 8))
-6
What is (-4 + 4 - 4) + 1?
-3
What is the value of (-10 - -10) + 9 - 6?
3
What is the value of (-2 - 1) + 3 + -1?
-1
What is 0 + -2 - -4 - (-4 + 7)?
-1
4 + -1 + 42 + -40
5
What is 6 + (-7 - -1) + -5?
-5
Evaluate (-2 - 0) + (-3 - -5 - -3).
3
Evaluate (3 + -6 + 3 - 3) + 0.
-3
Evaluate 20 + -23 + (-2 - -7).
2
What is the value of -1 + -12 + 11 + 3?
1
What is 2 + 1 + (0 - 3) + 2?
2
What is the value of (3 - 2) + -8 + (79 - 73)?
-1
1 + 1 - (8 + -11)
5
Calculate -6 + 2 + (0 - -1) - -2.
-1
What is the value of -6 + 6 - (0 - -3) - -7?
4
What is (5 - 2 - -2) + -6?
-1
What is the value of 2 + (-1 - (-2 + -5 + 11))?
-3
What is the value of 2 + -1 + 3 + -3?
1
What is the value of -1 + -1 - (1 + (-8 - -2))?
3
13 + 2 + -3 + -8
4
What is -3 + 9 - (7 + 2) - 1?
-4
Evaluate -8 - (-9 - -8) - -3.
-4
What is -5 + (2 - (5 - 3)) - -4?
-1
What is -12 + (-11 + 2 - -14)?
-7
What is the value of (-3 - -4) + 4 - (7 - 3)?
1
What is the value of -2 + 2 + -4 - (83 - 92)?
5
-8 + 3 + (6 - (-4 + 7))
-2
What is -9 - (8 + -27 - -3)?
7
Calculate 2 - (2 + -3 + -5 + 2).
6
(6 - -3) + -34 + 24
-1
-5 - (-3 - 2) - 5
-5
-6 + -3 + 9 - -7
7
What is the value of 3 + -6 + 3 + (5 - 11)?
-6
What is the value of 1 + (3 - (-2 + 3))?
3
What is the value of (-3 - -7) + (19 - 22)?
1
What is the value of -2 + -4 - -16 - 5?
5
What is -3 + -7 + (-9 - -24)?
5
3 + -11 + 6 + 1 - -3
2
What is the value of 1 - (-3 - (-10 - (-2 + 0)))?
-4
What is the value of -18 + 10 + -1 + 16?
7
5 - (1 + 3 + -6 - -13)
-6
What is 6 + 0 + -8 + 5 + -3?
0
What is 4 + -9 + -2 + 13?
6
What is the value of -12 + -1 + 7 + 0?
-6
Evaluate -14 + 2 - (-1 - 6).
-5
What is the value of -34 + 31 + 0 + 1?
-2
Calculate -4 - ((-2 - -1) + (-10 - -14)).
-7
Evaluate (-4 - -6) + -18 + (1 - -6).
-9
Evaluate 1 - -2 - (3 + 5).
-5
5 + (4 - 9) + 0
0
What is the value of -17 - (-14 + (13 - 7))?
-9
Evaluate 0 + -2 - (3 + 0).
-5
6 + -5 - (-1 - -2)
0
(3 - (10 + -21)) + -7
7
Evaluate 6 + 2 + -7 + 1 + 2.
4
What is the value of -2 - -1 - -6 - 0?
5
-4 + 2 + 2 + (18 - 20)
-2
What is the value of -3 + -1 + 5 + -1 + -1?
-1
What is the value of 6 - (68 - 73 - (1 - 5))?
7
(9 - 6) + -2 + -1 - -4
4
Calculate 15 + -2 - (-52 + 62).
3
Calculate (-2 - (2 + 0)) + 0.
-4
Evaluate (-12 - -7 - (-4 + 12)) + 7.
-6
What is the value of -1 + (-3 + -1 - -4)?
-1
Calculate -5 + 1 - -4 - (1 + 1).
-2
What is 1 + -12 + 9 - 5?
-7
-5 + (1 - -3 - 3)
-4
What is the value of -5 + (1 + 4 - 3) - 3?
-6
What is (-9 - -2) + (9 - 0)?
2
Evaluate (3 - 3) + 0 + (4 - 2).
2
What is 3 - 4 - (0 - 2)?
1
3 + 6 - (3 - (4 + -1))
9
Calculate 0 + (4 - 0) + -3.
1
2 + (2 + 3 - 5 - 1)
1
Calculate (-1 - (1 + -4 + -4)) + -2.
4
Evaluate 0 - (1 + 2) - -10.
7
Calculate -2 - (1 - (4 + 0)).
1
0 + 0 - -2 - 3 - -1
0
What is -11 + (-28 - -32 - (0 - 1))?
-6
(7 - 6) + 5 - 1
5
Calculate -6 - ((-9 - -13) + -15).
5
What is (-2 - -2) + -17 + 14?
-3
Evaluate -1 + 12 + (-25 - -23) - 4.
5
Calculate -5 - -6 - (-5 + (5 - 3)).
4
What is -5 - -4 - (0 - 1)?
0
Evaluate (5 - -2) + -2 + -1.
4
-6 - (2 + -1 - 4)
-3
What is the value of 2 + 3 + -6 + 4?
3
What is the value of (4 - 3 - 6) + 0 + 10?
5
Evaluate -4 + 4 + 3 + -3 + 0.
0
Evaluate 4 + -5 + -5 + 3.
-3
-1 + (1 - -